 w(x) = -10*x - 200. What is w(-9)?
-110
Let j(w) = 9*w**2 + 28*w + 7. Give j(-4).
39
Let i(g) = -21*g - 234. Give i(-9).
-45
Let n(f) = f**3 + 68*f**2 + 123*f - 541. Determine n(-66).
53
Let m(x) = 513*x - 1534. Calculate m(3).
5
Let q(n) = -17*n**3 - 358*n**2 - 18*n + 37. Determine q(-21).
-26
Let o(p) = p**3 + 18*p**2 + 4*p + 80. Calculate o(-18).
8
Let j(a) = 62*a - 2151. Give j(35).
19
Let r(u) = -u**2 + 6*u - 15. Calculate r(5).
-10
Let j(l) = -l**3 - 214*l**2 + 445*l + 2808. Calculate j(-216).
0
Let x(j) = -j**3 + 3*j**2 - 23*j + 88. Determine x(4).
-20
Let n(k) = 740*k + 113958. What is n(-154)?
-2
Let u(b) = -76*b - 2349. What is u(-31)?
7
Let n(l) = 7*l**3 + 2*l**2 - 5*l + 5. What is n(2)?
59
Let o(a) = -a**3 + 20*a**2 - 53*a + 26. Determine o(2).
-8
Let q(m) = -24*m**2 - 192*m - 4. Give q(-8).
-4
Let d(u) = u**2 - 36*u + 220. Give d(30).
40
Let a(g) = 36*g - 531. What is a(25)?
369
Let i(u) = 467*u - 45757. What is i(98)?
9
Let s(u) = u**3 - 21*u**2 - 110*u + 245. Determine s(25).
-5
Let v(g) = g**3 - 8*g**2 + 10*g - 1. Determine v(6).
-13
Let z(j) = j**2 - 325*j - 3696. Determine z(-11).
0
Let w(v) = -v**3 + 26*v**2 - 9*v + 231. Calculate w(26).
-3
Let w(l) = 10*l**2 - 34. What is w(-4)?
126
Let u(i) = -4*i**3 - 159*i**2 + 76*i + 1443. Determine u(-40).
3
Let p(k) = -k**3 - 22*k**2 + k + 38. Give p(-22).
16
Let q(u) = 5*u - 137. Give q(22).
-27
Let n(b) = 82*b - 1153. Calculate n(14).
-5
Let g(n) = n + 52. Calculate g(-13).
39
Let y(g) = -4*g**2 + 2274*g + 2278. What is y(-1)?
0
Let s(a) = a**3 + 11*a**2 - 9*a + 37. Give s(-12).
1
Let n(o) = 4*o + 122. Give n(8).
154
Let i(c) = c - 8. Give i(18).
10
Let f(r) = 32*r - 236. Give f(7).
-12
Let t(v) = 5*v**2 + 74*v + 138. What is t(-13)?
21
Let x(y) = -y**3 - 10*y**2 - y + 71. Give x(-7).
-69
Let s(c) = 219*c**3 + c**2 - 4*c - 4. What is s(-1)?
-218
Let w(l) = 11*l + 245. Give w(-16).
69
Let a(m) = 619*m + 1078. Determine a(-2).
-160
Let z(j) = 29*j + 73. Calculate z(-3).
-14
Let v(l) = l**3 - 9*l**2 + 19*l - 46. Give v(7).
-11
Let o(j) = 15*j**3 + 2*j**2 - 42*j + 40. Calculate o(1).
15
Let w(c) = 179*c + 6802. What is w(-38)?
0
Let j(s) = s**3 - 49*s**2 + 47*s - 73. What is j(48)?
-121
Let t(d) = -d**3 - 24*d**2 - 49*d - 107. What is t(-22)?
3
Let g(u) = 4*u**2 + 229*u + 186. Determine g(-56).
-94
Let p(d) = -3*d**2 + 50*d + 440. What is p(23)?
3
Let x(h) = -h**3 + 10*h**2 - 19*h + 75. Calculate x(8).
51
Let l(g) = 44*g + 1006. Give l(-22).
38
Let g(u) = -3*u**3 + 107*u**2 - 65*u - 177. Determine g(35).
-2
Let t(p) = p**2 + 33*p + 19. Determine t(-26).
-163
Let g(n) = -3*n**3 + 6*n**2 + 29*n - 123. What is g(3)?
-63
Let p(o) = o**3 + 13*o**2 + 86*o + 320. What is p(-7)?
12
Let v(j) = -2*j**2 + 19*j + 80. Give v(-3).
5
Let y(x) = 11*x - 27. Give y(3).
6
Let y(u) = -u**3 + 83*u**2 - 25*u + 2031. What is y(83)?
-44
Let v(o) = -47*o**2 - 26*o + 2. Give v(-1).
-19
Let d(r) = 32*r + 57. Give d(-11).
-295
Let p(h) = -h**3 + 2*h**2 - 7*h + 84. Calculate p(0).
84
Let l(n) = -134*n + 184. What is l(2)?
-84
Let k(r) = 3*r**3 + 390*r**2 - 794*r - 277. What is k(-132)?
-13
Let v(m) = 8*m**2 + 42*m + 3. What is v(-5)?
-7
Let f(j) = 3*j**2 + 34*j + 10. Determine f(-4).
-78
Let m(l) = 84*l**3 - 3*l**2 - 5*l - 8. Give m(-2).
-682
Let v(x) = -51*x + 1. Determine v(-3).
154
Let x(h) = -7*h**2 - 18*h - 18. What is x(-3)?
-27
Let o(x) = -93*x - 2249. Calculate o(-23).
-110
Let t(v) = 3*v**2 - 209*v + 136. Give t(69).
-2
Let q(w) = 42*w**2 - 398*w - 11. Determine q(10).
209
Let z(v) = 283*v + 1466. Give z(-5).
51
Let l(o) = -o**3 - o**2 + 5*o + 16. What is l(6)?
-206
Let m(q) = q - 126. Determine m(128).
2
Let z(g) = -373*g - 1119. What is z(-3)?
0
Let d(x) = 25*x**3 - 27*x**2 + 24*x + 2. What is d(1)?
24
Let s(y) = 576*y - 5764. Determine s(10).
-4
Let j(q) = -q**2 + 180*q - 2778. Give j(17).
-7
Let w(r) = -21*r**2 + 11*r - 22. What is w(3)?
-178
Let f(c) = c**3 + 42*c**2 + 79*c + 38. Calculate f(-40).
78
Let j(h) = h**2 + 55*h + 278. What is j(-6)?
-16
Let a(f) = 131*f - 1302. Determine a(10).
8
Let r(q) = 2*q**3 + q**2 - 7*q - 253. Give r(0).
-253
Let a(o) = o**3 + 324*o**2 + 2537*o + 2852. Determine a(-316).
8
Let i(f) = 1331*f + 9353. Give i(-7).
36
Let d(i) = 9*i**2 + 61*i + 53. Give d(-6).
11
Let q(u) = -6*u - 13. Calculate q(-1).
-7
Let z(r) = -14*r - 761. What is z(-15)?
-551
Let p(a) = -2*a**2 - 179*a - 2965. What is p(-22)?
5
Let a(d) = -d**3 - 17*d**2 - 22*d - 102. Give a(-16).
-6
Let j(a) = a**2 + 18*a + 20. Determine j(-5).
-45
Let o(c) = c**3 + 5*c**2 - 44*c + 70. Determine o(-10).
10
Let w(r) = r**2 + 243*r + 723. Give w(-3).
3
Let a(d) = -d**3 + 3*d**2 - 14*d - 24. What is a(-4)?
144
Let a(g) = -31*g**2 + 3533*g + 133. Determine a(114).
19
Let g(i) = 168*i - 28026. What is g(167)?
30
Let z(x) = 12*x**3 - 12*x**2 - 156*x - 145. Calculate z(-1).
-13
Let n(r) = 2*r**3 + r**2 - 19*r + 1. Calculate n(3).
7
Let d(x) = x**3 + 3*x**2 - 3*x - 17. What is d(-3)?
-8
Let x(a) = 2*a**2 + 15*a - 65. Calculate x(4).
27
Let g(o) = -5*o**2 - 165*o - 1326. Determine g(-14).
4
Let r(f) = -262*f + 15459. Determine r(59).
1
Let z(d) = -d**3 + 53*d**2 - 112*d + 635. Give z(51).
125
Let k(f) = f**2 + 342*f + 16475. Give k(-58).
3
Let o(t) = 2*t**2 - 80*t - 697. Determine o(-7).
-39
Let b(z) = z**3 - 6*z**2 - 62*z - 151. Give b(12).
-31
Let i(m) = 196*m + 204. Determine i(-1).
8
Let k(s) = -4*s**2 - 84*s + 260. Determine k(-29).
-668
Let y(k) = -k**3 - 4*k**2 - 19*k - 83. Give y(-4).
-7
Let j(z) = -z**3 + 3*z**2 - z - 8. Calculate j(3).
-11
Let f(p) = p**2 - 154*p + 2092. Calculate f(15).
7
Let p(u) = 2*u**2 + 13*u - 80. Calculate p(-10).
-10
Let x(p) = 18*p - 38. Calculate x(-4).
-110
Let x(a) = -a**2 + 112*a + 1776. What is x(-14)?
12
Let h(i) = -2*i**3 + 5*i**2 - 50*i + 168. What is h(4)?
-80
Let r(k) = k**2 - 65*k - 2369. Give r(-26).
-3
Let k(x) = -26*x**2 - 9*x - 7. Determine k(-1).
-24
Let m(i) = -106*i + 1695. Calculate m(16).
-1
Let a(j) = -j**3 - 30*j**2 - 146*j + 18. What is a(-24)?
66
Let y(k) = -3*k**3 + 39*k**2 - 14*k + 192. Determine y(13).
10
Let l(v) = -v**2 + 10*v - 33. Calculate l(15).
-108
Let s(r) = -69*r - 91. What is s(-5)?
254
Let s(p) = p**3 + 18*p**2 - 18*p + 75. Calculate s(-19).
56
Let b(d) = 39*d + 10. Determine b(10).
400
Let b(t) = -2*t**2 + 153*t - 785. Calculate b(71).
-4
Let g(m) = -2*m**3 + 280*m**2 - 3*m + 422. Determine g(140).
2
Let l(y) = -y**3 - 36*y**2 + 15*y - 55. Give l(-36).
-595
Let j(x) = 19003*x + 266046. Give j(-14).
4
Let c(q) = -1061*q - 14861. Calculate c(-14).
-7
Let m(p) = 6*p**2 - 88*p - 200. Calculate m(-2).
0
Let z(t) = 2*t**3 - 63*t**2 - 33*t + 58. Determine z(32).
26
Let f(o) = o**2 - 10*o - 822. Give f(-21).
-171
Let w(i) = -6121*i - 48972. What is w(-8)?
-4
Let o(h) = -19*h + 1302. Determine o(71).
-47
Let m(l) = 9*l**2 - 1203*l - 1570. What is m(135)?
50
Let u(d) = -2*d**2 + 175*d - 81. What is u(87)?
6
Let z(v) = -6*v**2 + 167*v + 284. What is z(29)?
81
Let q(n) = -2480*n - 17361. Determine q(-7).
-1
Let m(i) = -4*i**2 - 8*i + 194. What is m(8)?
-126
Let g(x) = x**3 + 34*x**2 - 12*x + 716. Determine g(-35).
-89
Let q(b) = 33*b**2 + 1289*b + 70. Give q(-39).
-8
Let y(g) = -550*g + 3858. What is y(7)?
8
Let x(h) = h**3 - 49*h**2 + 324*h + 126. Calculate x(41).
-38
Let h(y) = -13*y**3 - 41*y**2 + 23*y + 69. What is h(-3)?
-18
Let r(t) = -460*t + 302. Determine r(1).
-158
Let i(n) = 130*n - 133. Calculate i(1).
-3
Let d(h) = -27*h - 304. Determine d(-24).
344
Let g(b) = -2*b**3 - 46*b**2 - 221*b + 50. Give g(-16).
2
Let y(h) = -132*h**2 - 35*h - 2. Give y(1).
-169
Let o(r) = 910*r + 3650. Calculate o(-4).
10
Let n(o) = -292*o + 1192. Calculate n(4).
24
Let w(t) = -3*t**3 + 147*t**2 - 134*t - 469. Determine w(48).
11
Let f(i) = 3*i**3 - 154*i**2 - 430*i - 152. Calculate f(54).
-44
Let y(c) = -c**3 + 10*c**2 - 17*c - 46. Calculate y(6).
-4
Let n(w) = 47*w + 1013. Give n(-22).
-21
Let w(b) = -2*b**3 - 192*b**2 - 1721*b - 85. What is w(-86)?
1
Let m(l) = 30630*l - 306303. Give m(10).
-3
Let c(p) = p**3 + 8*p**2 + 14*p + 94. Give c(-8).
-18
Let n(z) = -z**3 + 288*z + 13. Calculate n(0).
13
Let i(f) = f**3 + 23*f**2 + 128*f + 6. Give i(-9).
-12
Let g(q) = q**3 + 7*q**2 - 5*q + 46. Give g(-9).
-71
Let j(t) = 22*t - 1086. Calculate j(45).
-96
Let o(v) = -v**3